- 4*c + 0*c**2 - 2*c**2. Determine y(-6).
-39
Let c(r) = -53*r. Suppose -2*p - 6 - 8 = 4*b, -4*b + 5*p = -21. Give c(b).
53
Let o(h) = -h. Let v be 48/(-32)*728/6. Let p = -179 - v. Calculate o(p).
-3
Let f(y) be the third derivative of y**6/360 + y**5/24 + y**4/4 + 2*y**3/3 + y**2 - 157*y. Let w(c) be the second derivative of f(c). Give w(5).
15
Let x(i) be the third derivative of 62*i**2 + 2/3*i**3 - 1/8*i**4 + 0 + 0*i. Calculate x(3).
-5
Let r(m) = -m**3 - 20*m**2 + 3*m**3 - 26*m**3 - 30 + 13*m**3 - 18*m + 10*m**3. What is r(-19)?
-49
Suppose -10*s + 20*s = 14*s - 4. Let x(j) = 98*j. What is x(s)?
98
Let o(p) = -2*p - 24. Let a = -4299 - -4286. Give o(a).
2
Let n(m) = m**3 - 6*m**2 + 2*m - 8. Let i(w) = w**3 - w**2 - 16*w + 36. Let s(k) = 2*k + 33. Let r be s(-15). Let h be i(r). Calculate n(h).
4
Let s(o) = 176578*o - 176573*o - 3 + 9. Suppose -v + 13 = -2*g, -2*v - 3*v = 4*g - 9. Determine s(g).
-14
Let n(a) be the third derivative of a**5/20 + 3*a**4/4 + 11*a**3/6 + 2*a**2. Let l(z) = -263*z + 37078. Let b be l(141). Determine n(b).
-4
Suppose 768*p + 13 = w + 769*p, -3*p = 2*w - 30. Let r(k) = -k**2 + 7*k + 24. Give r(w).
6
Suppose -4*h + 6*h + q = 30, -2*h - 3*q = -30. Let x be h/12*(3 + 5). Let k(g) = -12*g - 21. Let i(n) = -5*n - 10. Let w(s) = 7*i(s) - 3*k(s). Calculate w(x).
3
Let f(o) = -2*o + 4*o + 2*o - 2*o - 5 + 0*o. Calculate f(-16).
-37
Let l = -20 - -49. Suppose 3*y = -4*a + l, a = 4*y + 3 - 10. Let n(x) = x**3 - 5*x**2 - 2*x - 4. Calculate n(a).
-14
Let g = 6 + 0. Let y(q) = 6*q**2 + 68*q - 5. Let r(u) = -u**2 - 13*u + 1. Let t(v) = 11*r(v) + 2*y(v). Calculate t(g).
-5
Suppose f + 2*q + 2 = 0, -2 = -3*f - q - 13. Let l(i) = 2*i - 2. Give l(f).
-10
Let k = -30734 - -30743. Let l(t) be the first derivative of 0*t**3 - k*t + 1/4*t**4 + 1/2*t**2 + 18. Determine l(0).
-9
Let b(t) be the first derivative of -t**4/2 + t**2/2 - 2*t - 408. Suppose -2*i - 2*n - 3 = -13, -4*i - 5*n = -24. Calculate b(i).
-3
Let s(b) = -3*b**3 - 7*b**2 + b + 37. Let k(w) = 2*w**3 + 4*w**2 - w - 19. Let z(h) = 5*k(h) + 3*s(h). Suppose -18*p = 8*p - 10*p + 10*p. What is z(p)?
16
Let b = 28 - 28. Let g be 6 + -1 + b/4. Let x(c) = 4 + 1 - 5*c - 6 - 1. Give x(g).
-27
Let k(r) = 74*r - 5. Let b(z) = -116*z + 9. Let a(v) = 3*b(v) + 5*k(v). Let x(l) = -2*l + 15. Let c be x(8). Determine a(c).
-20
Let q = 1205 + -1191. Let f(j) = j**3 - 15*j**2 + 14*j - 16. Calculate f(q).
-16
Let k(n) = -11*n**3 + 750*n**2 - 138*n + 123. Let m be k(68). Let p(q) = 12*q - 4 + q**2 + 3 - 3 - 4. Determine p(m).
5
Let o be (-5 + 0)*9/(-15). Let u(i) = -5 - 2 + o - i**2 + 4*i + 3. Let k be 12/(-2) - -1 - -8. Give u(k).
2
Let q be 2/(-6)*-30 + -3 + -28. Let c(i) = 2*i**2 + 43*i + 25. Determine c(q).
4
Let b(z) = z**2 + 4*z + 5. Let w(s) be the first derivative of -3*s - 1/2*s**2 - 15 + s**3 - 1/4*s**4. Let r be w(3). Determine b(r).
17
Let u(k) = -k**3 - 33*k**2 + 69*k - 34. Let b be u(-35). Let a(j) = 4*j + j + b - 21*j + 11*j. Determine a(-4).
21
Let m = -6395 - -6391. Let w(r) = -4*r**2 - r + 8. Determine w(m).
-52
Let k(c) = -c**3 - 7*c**2 + 2*c + 7. Let m be k(-7). Let r(y) = -194*y + 9. Let h(v) = 517*v - 28. Let q(b) = -3*h(b) - 8*r(b). Calculate q(m).
5
Let k(o) = 348*o + 1. Let y(f) = 418*f + 1. Let g(c) = 6*k(c) - 5*y(c). Determine g(-7).
15
Let k(j) = -3386*j**2 + 3*j + 1723*j**2 + 1707*j**2 + 1. Determine k(-1).
42
Let s = 9648 - 57887/6. Let a(r) be the third derivative of -s*r**3 + 0*r + 0 - 13*r**2 + 1/8*r**4. Determine a(-1).
-4
Suppose 56*r - 48 = 52*r. Suppose 6 = -2*h - 3*c - c, -3*c = r. Suppose -t + u = 0, 3*u + 5 = h*t - 5. Let p(y) = -3*y. Give p(t).
-15
Let k be (-7)/((-14)/(-8))*-2 + 2. Suppose 6 = h - u, 0 = u + 4*u + k. Suppose -h*r + 28 - 32 = 0. Let o(j) = 7*j**2 + j. Give o(r).
6
Let d(p) = 28 - 88 + 21 + 59 - 3*p. What is d(4)?
8
Let l(w) = -2*w + 1. Let f(j) be the first derivative of j**3/3 - 2*j**2 + 6*j + 5. Suppose 3*m + 11 = -5*d, 5*d + 8 = -14*m + 10*m. Let r be f(m). Give l(r).
-5
Let a(z) be the third derivative of -1/24*z**4 + 0 + 1/60*z**5 - 66*z**2 + 0*z - 3/2*z**3. Determine a(-4).
11
Let g be 34/6 - (30/(-9) + 3). Suppose 23 = 2*d + 3. Let i(j) = -3 + d*j + j**3 - 5*j**2 + 3*j - 17*j. Determine i(g).
9
Let d = -25315 - -25304. Let l(u) = -u**2 - 14*u - 42. Calculate l(d).
-9
Let q(f) = 12938*f**2 + 3*f**3 + 3 + f - 2*f**3 - 12941*f**2. Let y = -6 - -9. Give q(y).
6
Let q = 82 + 25. Suppose -18*b = -35 + q. Let v(s) = 6*s + 6. Give v(b).
-18
Let p(o) = 2*o**3 - 13*o**2 + 13*o - 6. Let i be 8*((-225)/(-60))/5. Give p(i).
36
Let j(t) be the first derivative of 309 + 1/3*t**3 + 5*t + 3/2*t**2 - 1/4*t**4. What is j(-2)?
11
Suppose -w = 7*w - 40. Let l(d) = -96 + 3*d + 96 - w*d**2. Give l(2).
-14
Let f(t) = -4*t + 42 + 4934*t**2 - 4880*t**2 + 2*t - 44. Give f(-1).
54
Let w(y) = -y**3 + 24*y**2 + 5. Let n be w(24). Let a(l) = -l + 12. Let h(m) = m - 11. Let j(z) = -2*a(z) - 3*h(z). Determine j(n).
4
Let r(h) be the second derivative of 5*h**3/6 - 31*h**2 - 5842*h + 2. What is r(22)?
48
Let d(x) = -13*x**2 + 3. Let j(m) = -4*m**2 + 1. Let t(a) = 3*d(a) - 8*j(a). Suppose 33*c + 30 = 18*c. Let y be (-2)/(c/(-3)) + 1 + 3. Calculate t(y).
-6
Let y(u) = -3*u - 160. Let l = 40225 + -40274. What is y(l)?
-13
Let o(t) = -3*t**2 - 2*t - 1. Suppose 3*n - 4*s + 42 = 0, 4*s - 4 = -n - 2. Let i = 115 + n. Let x = -107 + i. What is o(x)?
-9
Let r be (5 - 24/8) + 1 + 33. Suppose r*f - 37*f = -10. Let t(a) = a - 10. Calculate t(f).
0
Let v = 23292 + -23276. Let b(r) = 7*r - 117. Calculate b(v).
-5
Let l(r) = 2 - 178*r**3 + 177*r**3 + 2*r + 3*r. Let d be 5/(-2)*(-30)/(-25). Give l(d).
14
Suppose 0 = -3*y - 292 + 853. Let x = y - 185. Let j(c) = 17*c - 3. Determine j(x).
31
Let v(i) be the second derivative of 6 - 5/2*i**2 - 1/12*i**4 - 3/2*i**3 + 2*i. What is v(-7)?
9
Let b(x) = -x**2 - 15*x - 52. Let m be b(-9). Let c(n) = 4 - m*n - 2*n - 4*n + 9*n. Give c(7).
11
Let z be 6/((-36)/86) + 2/6. Let g be z/1*(-5)/10. Let h(l) = -l + 10. What is h(g)?
3
Let g(m) = 2*m + 2 - 8 + 0. Suppose 0*j + 4*j + 5*u = 27, 4*u = -5*j + 27. Suppose 13 + 5 = j*z. Give g(z).
6
Let v = 23 + -19. Let a(z) be the third derivative of -1/2*z**3 + 1/4*z**4 - 1/10*z**5 + 1 + 0*z + 1/120*z**6 + 21*z**2. Give a(v).
-11
Let s = -7 - -15. Let p be 102/21 - -3*4/84. Let i(j) = -p*j + s*j + 2 + 2*j**2 - 6*j**2. What is i(-2)?
-20
Let u(b) = -16*b + b - 4 + 8*b. Suppose a = -2*w - 10, a + 15 = -3*w + 3*a. Determine u(w).
31
Let n(y) be the first derivative of -y**2/2 + y - 26. Suppose 3*b = 2*p - 6*p + 11, 0 = 2*p - 2*b + 12. Let v be 5/(15/(-12)) + p. Determine n(v).
6
Let p(k) = k**2 - 4*k - 2. Let a(h) = 4*h**2 + 5. Let l(q) = -3*q**2 - q - 4. Let j(d) = -4*a(d) - 5*l(d). Let z(y) = 4*j(y) + 3*p(y). Calculate z(4).
10
Let s(y) = 50*y - 2602. Let w(u) = -7*u + 378. Let j(q) = 6*s(q) + 41*w(q). What is j(10)?
16
Let s(a) = -a**2 + 19*a + 10. Let u be s(19). Let t(m) be the second derivative of -m**4/6 + 3*m**3 + 13*m**2/2 + 385*m. Give t(u).
-7
Let i = 74 + -9. Let p = -17 - -23. Suppose 67*a = i*a + p. Let t(g) = -g**3 + 4*g**2 + g. Give t(a).
12
Let s = 70 + -69. Let n(v) = -6*v**2 - 56. Let h(w) = 11. Let g(o) = 5*h(o) + n(o). What is g(s)?
-7
Let d(r) = -r + 5. Let v be -2 - 45/(-5) - 7. Suppose -5*f - 14 = -l, -14 = -3*l - v*l + f. Give d(l).
1
Suppose 11*t - 5 - 215 = 0. Suppose 0 = 5*c - 2*u - 35, u = c - 2*u - t. Suppose -c*i + 4*i = 0. Let b(g) = -g**3 - g**2 + g + 22. Give b(i).
22
Let s(r) = 3*r**2 + r**3 + 84 - 6*r - 46 - 42. Let n be s(2). Let g(j) = j**2 - 5*j - 3. Calculate g(n).
-7
Let m(p) = -p**2 + p + 3. Let d be m(-1). Let o(w) = -2*w + 2 - d - 2 + 9*w. What is o(1)?
6
Let h(t) be the first derivative of -t**2/2 + 4*t + 34. Let o be h(1). Let a(l) = l**2 - l - 3. What is a(o)?
3
Let p(u) = -u**2 - 10*u + 11. Suppose -3*j + 2012 = 530. Suppose -36*z + 62 = j. Calculate p(z).
-13
Let j(f) = 8 + 2 + 1213792*f - 2*f**2 - 1213784*f. Calculate j(-6).
-110
Let o(w) = -w**2 + 4*w + 8. Let c(b) = 17*b + 4. Let n be c(-2). Let p be (198/(-110))/((-9)/n*-1). Determine o(p).
-4
Let s(t) be the first derivative of 7*t**3/3 - t**2 + 3*t - 14. Let i be ((-162)/189)/(9/(-21)). Calculate s(i).
27
Suppose -40*f + 21*f = 171. Let k(s) = 2*s + 18. Let g be (6/(-5))/(1/5). Let z(p) = 4*p + 3